hen 47 is divided by n?
15
Suppose 2329 = 25*q - 896. What is the remainder when q is divided by 58?
13
Suppose -2*y + 154 = -5*d, -15*y + 14*y + 4*d = -77. Calculate the remainder when y is divided by 39.
38
Let g = -159 - -204. Calculate the remainder when g is divided by 11.
1
Let h(t) = 78*t**2 + 10*t - 10. What is the remainder when h(1) is divided by 31?
16
Let j(h) = -2*h**2 + 38*h - 111. Calculate the remainder when j(12) is divided by 19.
0
Let y(n) = 3*n. Let x be y(1). Suppose -5*l + 5*d = 9*d - 10, -8 = -4*l + 4*d. Suppose 0 = x*u + l*u - 90. Calculate the remainder when 71 is divided by u.
17
Suppose 0 = -104*y + 113*y - 1971. What is the remainder when y is divided by 109?
1
Let n = -410 - -463. What is the remainder when n is divided by 29?
24
Let i be (0 - -2)/((-6)/6). Let y be (-8)/(4 + i)*-1. Suppose 5*t = 20, z - 2*t - 142 = -y*z. Calculate the remainder when z is divided by 16.
14
Let l be 0/(0 - (1 + -2)). Suppose 6*c - 17 - 25 = l. Suppose -9*m = -c*m - 146. Calculate the remainder when m is divided by 15.
13
Let r(j) = 5*j**2 - 14*j. Let t be r(6). Suppose -q = 4*c - 137, -c - 2*c - 3*q + t = 0. Suppose 25 = 2*i - 13. Calculate the remainder when c is divided by i.
16
Let b be ((-6)/(-4))/((-15)/40). Let i be (b - -4)*(-3 + 2). Calculate the remainder when 1 is divided by (i - 3)*8/(-24).
0
Suppose -5*c + 2*q = -525 + 126, 0 = 2*c + 3*q - 152. Calculate the remainder when 631 is divided by c.
78
Let g(q) = 6*q - 117. What is the remainder when 254 is divided by g(28)?
50
Let l = -10 + 14. Suppose -5*m + 4*m + c + 10 = 0, l*m - 5*c - 41 = 0. What is the remainder when 21 is divided by 57/m - 1/3?
3
Let b(n) = 203*n + 2259. Let t(o) = 14*o**2 + o + 3. What is the remainder when t(-3) is divided by b(-11)?
22
Let n = -1772 + 1794. What is the remainder when n is divided by 20/6*18/5?
10
Let u(d) = d + 1. Let x(j) = 2*j. Let z(i) = 3*u(i) - 2*x(i). What is the remainder when 52 is divided by z(-4)?
3
Suppose -103 = -5*g + 32. Suppose h + 25 = 70. Suppose 0 = -11*m + h + 120. Calculate the remainder when g is divided by m.
12
Suppose o - 127 = 2*s, -202 = -3*o - 4*s + 229. What is the remainder when o is divided by 47?
43
Suppose n + 4*o = -8, -2*o - o = 3*n - 3. What is the remainder when 4 is divided by n?
0
Let y(t) = -2*t**2 - 44*t - 38. What is the remainder when 132 is divided by y(-21)?
0
Let h be (-25)/(-2)*(-4)/5. Let m be 6/8*2068/141. Let k = h + m. What is the remainder when 3 is divided by k?
0
Let g be ((-2)/7)/((-9)/126). What is the remainder when (159/12 + -4)*g is divided by 8?
5
Let l(t) = 23*t**3 + t**2 - 5*t - 5. Let p be l(-2). What is the remainder when 68 is divided by p/(-10) + 1/2?
14
Let b be 12/(-16)*-2*38. Suppose b = 3*a - 27. What is the remainder when a is divided by 2/(-7) + 72/7?
8
Calculate the remainder when 274 is divided by (10/(-12)*-4)/(105/378).
10
Suppose 16 = -5*m + 13*m. Suppose -m*x + x + 5 = -2*p, -20 = -3*x + 5*p. What is the remainder when 56 is divided by x?
11
Calculate the remainder when 60/(-75)*-1 - 1398/(-15) is divided by 62.
32
Let z = 2429 - 1379. Calculate the remainder when z is divided by 17.
13
Suppose -7176 = 90*d - 98*d. What is the remainder when d is divided by 50?
47
Let i = -31 - -31. Suppose 8*l + 9 - 1 = i. What is the remainder when 75 is divided by 17 + (l + 0)*4?
10
Let s = 80 + -40. Calculate the remainder when s is divided by 21.
19
Let c = 3 + -3. Suppose 5*g + y - 94 = 3*y, 2*g - 5*y - 25 = c. Calculate the remainder when 76 is divided by g.
16
Let r be (-2 + 5 - 0)*2. Let t be r/12 + 94/4. Suppose -5*i + 8*i = t. What is the remainder when 13 is divided by i?
5
Suppose -3*s + 4 = -2*s. Suppose 3*j = 2*j - 5*b + s, 3*b = -5*j + 64. Let a = 153 + -57. Calculate the remainder when a is divided by j.
12
Let z(r) = -2*r**2 + 12*r + 10. Let v(i) = -5*i**2 + 25*i + 20. Let f(a) = 3*v(a) - 7*z(a). What is the remainder when 9 is divided by f(-7)?
1
Let t(v) = -7*v - 35. What is the remainder when t(-12) is divided by 5?
4
Let b be (10/1)/(-55 - -57). Let h = -1 - -3. Suppose 2 = -5*t - h*j + 20, b*t + 3*j = 17. What is the remainder when 11 is divided by t?
3
What is the remainder when 262 is divided by ((-8)/14)/((-54)/6237)?
64
Let j = -110 - -211. Suppose -j = -5*i + 14. Calculate the remainder when 90 is divided by i.
21
Let z = -7 + 19. Let m = -111 + 172. Suppose 3*u = v - 23, -4*v + 83 = u - m. What is the remainder when v is divided by z?
11
Let c = 65 + 29. Calculate the remainder when c is divided by 32.
30
Let t = 2258 - 1346. Suppose -t = -5*y + 4*a, 0*y = -3*y + 4*a + 552. What is the remainder when y is divided by 23?
19
Suppose 2*v = 2*u + 2, v - 2*u + 10 = 2*v. Suppose -2*w = -c + 1, -v*c - 2*w = w + 51. Let j = 13 + c. Calculate the remainder when 11 is divided by j.
3
Let j = 829 + 400. What is the remainder when j is divided by 123?
122
Let v(g) = -9*g**2 - 38*g + 8. Calculate the remainder when 138 is divided by v(-4).
10
Let a = 306 - 302. Calculate the remainder when 17 is divided by a.
1
Let g(q) = -2*q. Let p be g(-3). Suppose -r + p*r = 15. Let i(a) = a**3 - 8*a**2 + 6*a + 8. Calculate the remainder when r is divided by i(7).
0
Let x(d) = -2*d + 9. Let l be x(6). Let r(m) = 4*m + 4. Let s be r(2). Let k = l + s. Calculate the remainder when 34 is divided by k.
7
Suppose -8*i + 164 = -44. Calculate the remainder when 178 is divided by i.
22
Suppose -2*p - 9 = -p. Let c = -17 - p. Let y = -6 - c. What is the remainder when y is divided by 1?
0
Let v = 1289 - 1248. Calculate the remainder when v is divided by 7.
6
Suppose 595*c = 580*c + 3480. Calculate the remainder when c is divided by 18.
16
Let g(p) = 2*p**3 + 19*p**2 + 24*p + 6. What is the remainder when 137 is divided by g(-8)?
5
Let i = 68 - 35. What is the remainder when 162 is divided by i?
30
Let j = 134 + -75. Let s be (-3830)/(-60) + (-2)/(-12). Suppose 11 = 5*v - s. Calculate the remainder when j is divided by v.
14
Suppose 4*c - 21 = -3*h, -8*c - 3*h = -3*c - 24. Suppose c*l = 8*l - 135. Suppose 0 = -7*m + m + 84. What is the remainder when l is divided by m?
13
Suppose -4*a + 98 = -5*x, 5*x = -0*x + 3*a - 96. What is the remainder when (-246)/x*-4*9/(-12) is divided by 11?
8
Suppose 2178 = 37*t - 12548. What is the remainder when t is divided by 25?
23
Suppose -5*s - 3*b - 2*b + 90 = 0, -5*s + 76 = -2*b. What is the remainder when 95 is divided by s?
15
Let a = -525 - -531. Calculate the remainder when 35 is divided by a.
5
Suppose 4*x = -28*x + 352. Calculate the remainder when 480 is divided by x.
7
Let o(x) = 15*x**2 + 1. Let g = 16 + -12. Suppose -2*f - 4*m + 59 = f, -2*f - g*m = -38. What is the remainder when o(2) is divided by f?
19
Suppose -3*t + 13 = 1. Suppose 0 = -t*a + 16. Calculate the remainder when 11 is divided by a.
3
Let y be 3 + -2 + 3 - -9. Suppose y*f - 15*f = -48. Calculate the remainder when f is divided by 13.
11
Let o = -11 - -71. What is the remainder when o is divided by 38?
22
What is the remainder when 40 is divided by ((-24)/(-24))/((-1)/(-11))?
7
Let c = 7 - 2. Let q(k) = k**3 - 18*k**2 - k + 21. Let z(l) = -4*l - 18. Let j be z(-9). Calculate the remainder when c is divided by q(j).
2
Suppose -y + 960 = 4*y. Suppose -3*r + y = r. Suppose -2*u - 14 = -r. Calculate the remainder when 48 is divided by u.
14
Suppose -34 = 8*r - 162. What is the remainder when 190 is divided by r?
14
What is the remainder when 45 is divided by (-6)/14 - (-10)/((-210)/(-261))?
9
Suppose 28*i = -94 + 262. Suppose -u - 56 = -a, -2*a + 6*u = 3*u - 111. What is the remainder when a is divided by i?
3
Suppose 24 = c + 5. What is the remainder when 46 is divided by c?
8
Let b = 1240 - 1197. Calculate the remainder when 163 is divided by b.
34
Suppose -2*y = 16*y - 54. Suppose 2*n - 178 = -0*x - 2*x, -3*x - 405 = -5*n. Calculate the remainder when n is divided by y/6 + 57/2.
26
Let x = -45 + 70. Let v = x + 8. What is the remainder when 131 is divided by v?
32
Suppose 0 = 3*i + 103*u - 98*u - 82, -3*u - 99 = -6*i. What is the remainder when 157 is divided by i?
5
Let c = -1151 - -2522. Calculate the remainder when c is divided by 456.
3
Suppose 0 = m - 5 - 0. Suppose o = 2 + 1. Calculate the remainder when (-3)/(-30)*-2 - (-56)/m is divided by o.
2
Let p = -118 -